 75 a factor of 42150?
True
Does 255 divide 13992360?
True
Is 2550812 a multiple of 14?
False
Is 199456 a multiple of 25?
False
Is 439984 a multiple of 345?
False
Is 299 a factor of 17335422?
True
Does 17 divide 68051?
True
Is 20 a factor of 1547977?
False
Does 24 divide 14029032?
True
Does 63 divide 188370?
True
Is 163096 a multiple of 19?
True
Is 895725 a multiple of 9?
True
Does 489 divide 227507?
False
Does 53 divide 2400750?
False
Does 23 divide 115521?
False
Is 119548 a multiple of 31?
False
Is 17 a factor of 11806058?
True
Does 89 divide 2829741?
False
Does 138 divide 1876052?
False
Is 317667 a multiple of 159?
False
Is 11798143 a multiple of 119?
False
Is 594842 a multiple of 131?
False
Is 597690 a multiple of 15?
True
Is 240399 a multiple of 9?
True
Is 28 a factor of 1136100?
True
Does 2 divide 42162?
True
Does 19 divide 4187980?
True
Does 26 divide 328718?
True
Does 13 divide 264260?
False
Is 26021 a multiple of 2?
False
Is 266 a factor of 1851793?
False
Does 6 divide 11684352?
True
Is 3789236 a multiple of 48?
False
Is 4 a factor of 1436?
True
Is 905360 a multiple of 16?
True
Is 8360 a multiple of 440?
True
Is 393187 a multiple of 39?
False
Is 5914260 a multiple of 1854?
True
Is 51183 a multiple of 33?
True
Is 49 a factor of 21830529?
True
Does 1203 divide 22758354?
True
Does 362 divide 25135?
False
Is 23707 a multiple of 30?
False
Is 7 a factor of 29953?
True
Is 3351875 a multiple of 25?
True
Is 18 a factor of 598440?
False
Does 79 divide 145253?
False
Is 3078794 a multiple of 732?
False
Is 103361 a multiple of 102?
False
Does 32 divide 468864?
True
Is 10553914 a multiple of 98?
True
Is 312298 a multiple of 19?
False
Is 204385 a multiple of 51?
False
Is 50 a factor of 7775000?
True
Is 40 a factor of 502008?
False
Is 9 a factor of 3397764?
False
Does 49 divide 33389?
False
Is 67 a factor of 94939?
True
Is 2495419 a multiple of 80?
False
Is 9269066 a multiple of 20?
False
Does 46 divide 1430278?
True
Is 469812 a multiple of 68?
True
Does 51 divide 125154?
True
Is 18 a factor of 1111600?
False
Is 82 a factor of 174742?
True
Is 71 a factor of 909581?
True
Is 100 a factor of 23866?
False
Is 2363874 a multiple of 65?
False
Is 653035 a multiple of 65?
False
Does 290 divide 611320?
True
Does 33 divide 3997681?
False
Is 714 a factor of 29339377?
False
Does 13 divide 3450734?
False
Does 4 divide 16620?
True
Is 6964524 a multiple of 1044?
True
Is 579 a factor of 13964748?
False
Is 3089232 a multiple of 108?
True
Does 101 divide 119786?
True
Is 16 a factor of 1211957?
False
Does 333 divide 76257?
True
Is 974424 a multiple of 302?
False
Does 369 divide 459036?
True
Is 3216708 a multiple of 734?
False
Is 74 a factor of 544788?
True
Is 43 a factor of 3794062?
True
Is 56 a factor of 20272?
True
Does 9 divide 54702?
True
Is 143 a factor of 414199?
False
Is 1134 a factor of 474220?
False
Does 60 divide 22066?
False
Does 70 divide 10552847?
False
Is 215 a factor of 1530736?
False
Is 134 a factor of 251920?
True
Does 16 divide 10042614?
False
Is 384744 a multiple of 27?
False
Does 247 divide 167713?
True
Is 672467 a multiple of 19?
True
Is 878690 a multiple of 10?
True
Does 56 divide 32784808?
True
Does 312 divide 4615392?
False
Is 3487259 a multiple of 19?
False
Does 2 divide 26175?
False
Does 19 divide 3178723?
False
Does 38 divide 4629464?
True
Does 213 divide 793076?
False
Is 3 a factor of 493392?
True
Is 85615 a multiple of 17?
False
Is 54 a factor of 411534?
True
Does 6 divide 47533?
False
Is 1458 a factor of 4446900?
True
Is 413248 a multiple of 22?
True
Does 147 divide 4514030?
False
Does 126 divide 101791?
False
Is 7 a factor of 25718?
True
Is 673068 a multiple of 12?
True
Is 9 a factor of 161964?
True
Is 247178 a multiple of 47?
False
Does 20 divide 174807?
False
Is 120960 a multiple of 20?
True
Does 25 divide 429525?
True
Is 464 a factor of 388368?
True
Does 34 divide 52122?
True
Is 284403 a multiple of 29?
True
Is 80 a factor of 2203760?
True
Is 117111 a multiple of 274?
False
Does 42 divide 587244?
True
Is 6288372 a multiple of 37?
True
Does 257 divide 25540281?
False
Is 79392 a multiple of 3?
True
Is 99 a factor of 1347323?
False
Is 135135 a multiple of 93?
False
Does 12 divide 497943?
False
Does 10 divide 113749?
False
Does 57 divide 317376?
True
Does 1142 divide 1956172?
False
Does 722 divide 9255595?
False
Is 5 a factor of 301935?
True
Does 25 divide 164682?
False
Is 30213 a multiple of 3?
True
Does 5 divide 684487?
False
Does 17 divide 324037?
True
Is 264 a factor of 121176?
True
Does 5 divide 20875?
True
Does 487 divide 3155760?
True
Is 93 a factor of 1516348?
False
Is 227 a factor of 350488?
True
Is 2159298 a multiple of 38?
False
Is 67808 a multiple of 104?
True
Is 8 a factor of 33182?
False
Is 28 a factor of 11741548?
True
Is 14 a factor of 399237?
False
Is 14 a factor of 234458?
True
Is 21 a factor of 231378?
True
Does 2 divide 27190?
True
Is 80 a factor of 986445?
False
Is 73404 a multiple of 36?
True
Is 986421 a multiple of 119?
False
Is 1656273 a multiple of 125?
False
Does 101 divide 3296236?
True
Is 2818430 a multiple of 281?
True
Is 46 a factor of 188046?
False
Does 5 divide 506975?
True
Is 32 a factor of 4350?
False
Does 348 divide 311190?
False
Does 52 divide 250070?
False
Is 7894731 a multiple of 640?
False
Is 6 a factor of 56523?
False
Is 340179 a multiple of 250?
False
Is 10 a factor of 2804433?
False
Is 4954516 a multiple of 556?
True
Is 61 a factor of 56446?
False
Is 3 a factor of 414492?
True
Is 139020 a multiple of 4?
True
Is 159 a factor of 688917?
False
Is 12 a factor of 129754?
False
Does 43 divide 47558?
True
Is 1079358 a multiple of 651?
True
Is 7079140 a multiple of 221?
False
Is 2 a factor of 2075?
False
Does 49 divide 90454?
True
Is 56 a factor of 328726?
False
Is 13136764 a multiple of 264?
False
Does 9 divide 220746?
False
Is 30 a factor of 925157?
False
Does 8 divide 1536000?
True
Is 282807 a multiple of 603?
True
Is 1223652 a multiple of 19?
False
Is 459758 a multiple of 13?
True
Is 91 a factor of 4206657?
True
Is 1170301 a multiple of 296?
False
Does 345 divide 1257870?
True
Is 5 a factor of 2421?
False
Is 2168881 a multiple of 11?
True
Does 14 divide 227750?
False
Is 25 a factor of 945831?
False
Is 39 a factor of 181857?
True
Is 90 a factor of 1088460?
True
Is 86136 a multiple of 24?
True
Does 16 divide 58294?
False
Is 17 a factor of 332299?
True
Is 445 a factor of 623406?
False
Is 1189192 a multiple of 92?
True
Does 79 divide 680189?
False
Is 161 a factor of 9621316?
False
Is 101664 a multiple of 8?
True
Is 1434894 a multiple of 631?
True
Is 38 a factor of 8941764?
False
Is 8230 a multiple of 4?
False
Is 69396 a multiple of 12?
True
Is 786 a factor of 779712?
True
Does 170 divide 1815092?
False
Is 19 a factor of 315001?
True
Is 41 a factor of 573221?
True
Does 18 divide 6901740?
True
Is 746531 a multiple of 139?
False
Does 122 divide 1532564?
True
Does 338 divide 242018?
False
Is 4323017 a multiple of 1459?
True
Is 122 a factor of 3518680?
False
Is 4216401 a multiple of 883?
False
Does 235 divide 866445?
True
Is 79174 a multiple of 2?
True
Does 1117 divide 3291799?
True
Does 240 divide 94320?
True
Is 3 a factor of 29126?
False
Does 89 divide 243771?
True
Does 324 divide 560403?
False
Is 41 a factor of 9041361?
True
Is 51 a factor of 237640?
False
Is 78 a factor of 152275?
False
Is 245 a factor of 2477685?
True
Is 74 a factor of 106782?
True
Does 107 divide 558128?
False
Is 3717491 a multiple of 22?
False
Does 261 divide 303543?
True
Is 7 a factor of 89104?
False
Is 98799 a multiple of 598?
False
Is 59072 a multiple of 208?
True
Is 40 a factor of 69345?
False
Does 18 divide 22481863?
False
Does 81 divide 7776?
True
Does 208 divide 80704?
True
Is 264 a factor of 1751816?
False
Does 1308 divide 10888151?
False
Is 115104 a multiple of 327?
True
Is 498 a factor of 1621488?
True
Is 66234 a multiple of 581?
True
Is 1901 a multiple of 38?
False
Is 1627 a factor of 136668?
True
Does 87 divide 617874?
True
Is 399 a factor of 212138?
False
Is 541464 a multiple of 22?
True
Is 13698384 a multiple of 118?
True
Is 570080 a multiple of 509?
True
Is 2601 a multiple of 3?
True
Is 451437 a multiple of 91?
False
Is 127 a factor of 140081?
True
Is 88 a factor of 2788881?
False
Does 38 divide 100311?
False
Does 2 di